.
43
What is the greatest common divisor of 1852 and 3655385?
463
Calculate the highest common factor of 3521274 and 113391.
879
Calculate the greatest common factor of 44 and 1261513.
11
What is the greatest common factor of 783 and 136107?
27
Calculate the greatest common divisor of 70208 and 71520.
32
What is the greatest common factor of 38 and 632673761?
19
What is the greatest common divisor of 1740 and 10995930?
870
Calculate the highest common divisor of 660 and 98832260.
20
What is the highest common factor of 36 and 1172674836?
36
What is the highest common factor of 19777 and 10256?
1
Calculate the greatest common factor of 6975642 and 4272.
534
Calculate the greatest common divisor of 3464974 and 1828.
914
What is the greatest common factor of 250 and 6473610?
10
What is the greatest common divisor of 25525 and 1034375?
25
What is the highest common divisor of 21712789 and 112?
7
What is the highest common divisor of 3219920 and 113520?
880
Calculate the greatest common factor of 754 and 2688967.
29
Calculate the highest common divisor of 65672 and 888.
8
What is the highest common factor of 3407738 and 822?
274
What is the greatest common divisor of 24718 and 18598?
34
Calculate the greatest common factor of 6801 and 16755397.
2267
Calculate the highest common factor of 4940 and 3098140.
380
Calculate the highest common factor of 33121480 and 47705.
1015
Calculate the greatest common factor of 275 and 88865975.
275
Calculate the highest common factor of 102 and 56731839.
51
Calculate the highest common factor of 7415 and 44930451.
1483
Calculate the highest common factor of 408724895 and 5.
5
Calculate the highest common factor of 34090 and 2119911.
487
Calculate the highest common divisor of 709500 and 20320.
20
Calculate the highest common factor of 121 and 110183205.
121
Calculate the highest common divisor of 14809275 and 26325.
2925
Calculate the greatest common divisor of 12365 and 38202904.
2473
Calculate the highest common divisor of 661807 and 1833.
47
Calculate the greatest common factor of 16068 and 3373662.
618
What is the highest common divisor of 13024 and 3776608?
352
Calculate the highest common factor of 27 and 32225202.
27
Calculate the greatest common divisor of 164701574 and 1426.
1426
Calculate the greatest common factor of 4630195 and 18995.
655
Calculate the greatest common divisor of 33156 and 849474.
54
What is the highest common divisor of 18997 and 4896144?
121
What is the highest common divisor of 2791665 and 17515?
565
What is the highest common factor of 17818468 and 368?
92
Calculate the highest common factor of 3748 and 1669734.
1874
Calculate the greatest common factor of 1741294366 and 56.
14
Calculate the highest common factor of 16762363 and 848.
53
What is the greatest common divisor of 2029599 and 7524?
1881
Calculate the highest common divisor of 2829 and 562286382.
2829
What is the greatest common factor of 202 and 283989578?
202
What is the highest common factor of 1292 and 6752087?
19
What is the highest common divisor of 2065353876 and 108?
108
What is the greatest common divisor of 5605740 and 1701?
189
What is the highest common factor of 244 and 41662451?
61
Calculate the highest common divisor of 238 and 894344857.
119
What is the highest common divisor of 66597 and 1311558?
237
What is the greatest common divisor of 20311 and 166345?
19
What is the greatest common factor of 2333 and 15419?
1
Calculate the highest common divisor of 13441979 and 554.
277
What is the highest common divisor of 193921 and 1020749?
2131
Calculate the highest common divisor of 199578 and 7609716.
6438
Calculate the highest common factor of 2947 and 891257.
421
What is the highest common divisor of 3314 and 61144957?
1657
Calculate the greatest common factor of 37394 and 142996.
14
Calculate the greatest common factor of 199927 and 99372.
1183
Calculate the highest common divisor of 12264130 and 25978.
838
Calculate the greatest common factor of 158728 and 16168.
8
Calculate the highest common divisor of 4005061 and 91775.
3671
What is the highest common factor of 2496 and 14187238?
26
What is the highest common divisor of 11 and 85333721?
11
Calculate the greatest common divisor of 242 and 155318262.
242
Calculate the greatest common factor of 2494 and 56566070.
86
Calculate the highest common divisor of 7 and 4696335.
7
What is the greatest common divisor of 274244 and 4448399?
4033
Calculate the greatest common divisor of 870422 and 74765.
787
What is the greatest common factor of 1047204288 and 41?
41
Calculate the greatest common factor of 49276 and 60452.
508
Calculate the highest common factor of 1707974590 and 19446.
6482
Calculate the greatest common factor of 2684693 and 44.
11
Calculate the greatest common factor of 34 and 13949911.
17
What is the greatest common factor of 115260429 and 23?
23
Calculate the highest common divisor of 153 and 7773165.
153
Calculate the highest common factor of 112 and 180498592.
16
What is the greatest common divisor of 1053323 and 3007?
97
Calculate the highest common divisor of 209 and 427349197.
209
What is the highest common divisor of 9130 and 4329446?
1826
What is the greatest common divisor of 420 and 21390180?
420
Calculate the greatest common divisor of 83979852 and 36.
12
Calculate the highest common divisor of 6727532 and 21.
7
Calculate the greatest common factor of 7594195 and 99491.
427
Calculate the greatest common factor of 2097988 and 292.
4
What is the highest common divisor of 6 and 42845538?
6
What is the greatest common factor of 4500756 and 2196?
36
Calculate the greatest common divisor of 176904 and 442584.
648
What is the highest common divisor of 16970 and 42116146?
3394
Calculate the highest common factor of 158500 and 84.
4
Calculate the highest common divisor of 56192220 and 10.
10
Calculate the highest common divisor of 5772474 and 18.
18
What is the highest common factor of 434 and 5023922?
62
What is the highest common factor of 3145 and 11592640?
85
Calculate the greatest common factor of 59 and 60202951.
59
Calculate the highest common divisor of 1417 and 5137639.
13
Calculate the greatest common factor of 218821 and 18288.
127
What is the greatest common factor of 558586162 and 1707?
569
Calculate the greatest common divisor of 1628034 and 6954.
114
What is the highest common divisor of 29092440 and 9945?
3315
Calculate the highest common factor of 210260 and 80.
20
Calculate the highest common factor of 153205253 and 79.
79
What is the greatest common factor of 53 and 799734119?
53
Calculate the greatest common divisor of 2218763 and 6479.
589
Calculate the greatest common divisor of 520183467 and 1753.
1753
Calculate the greatest common factor of 4850 and 13010.
10
What is the greatest common factor of 126148 and 37004?
44
Calculate the highest common divisor of 1328 and 48603472.
1328
What is the greatest common divisor of 239 and 219868289?
239
Calculate the highest common factor of 584 and 377424308.
292
What is the greatest common factor of 8529113 and 1358?
97
What is the greatest common factor of 102110138 and 1906?
1906
What is the greatest common divisor of 113544 and 55104696?
5976
Calculate the greatest common factor of 1052961247 and 247.
247
What is the greatest common divisor of 8196 and 12550125?
2049
What is the highest common divisor of 3406608 and 95120?
656
What is the highest common divisor of 405403 and 59519?
1123
Calculate the greatest common divisor of 65 and 1496521.
13
Calculate the greatest common divisor of 70415757 and 27.
27
Calculate the greatest common divisor of 1010031 and 222123.
4191
What is the highest common factor of 6660263 and 104409?
1289
Calculate the highest common factor of 148572 and 276084.
36
What is the greatest common divisor of 12537338 and 638?
638
Calculate the greatest common factor of 96810 and 6350.
10
What is the greatest common factor of 1351498 and 2428066?
2894
Calculate the highest common factor of 1812976 and 3424.
16
What is the greatest common factor of 294 and 4966374?
42
What is the highest common divisor of 96889 and 150602?
257
Calculate the highest common factor of 4893 and 11426289.
21
Calculate the greatest common divisor of 14289567 and 662943.
4839
What i